rs of n.
137
Let p(d) = 3*d**2 - 52*d - 637. List the prime factors of p(49).
2, 7, 41
Let z(u) = -u + 3. Let h be z(12). Let n = 8 - h. Let v = n + 62. What are the prime factors of v?
79
Suppose -3*k - 29 = -4*y, -2*y = -3*k - 4*y - 17. What are the prime factors of 157/4 + k/28?
3, 13
Let x(n) = -n**2 + 5*n + 38. Let u be x(9). Suppose u*p - 580 = 2*a, 1430 = 5*p + 4*a + a. List the prime factors of p.
2, 3
Let o(v) = 193*v**2 - 2*v + 3. List the prime factors of o(2).
3, 257
Let z(s) = 2*s + 5. Let a(x) = 2*x + 4. Let g(q) = 6*a(q) - 5*z(q). Let b be g(2). Let l = 13 - b. What are the prime factors of l?
2, 5
Let m be 0 + 0 + (531 - 7). Suppose -m = -5*u - 169. List the prime factors of u.
71
Let i(c) = 8*c - 7. Let l = 101 + -99. What are the prime factors of i(l)?
3
Let x = 38 + -34. List the prime factors of (x + 1)*(0 + 9).
3, 5
Suppose -2444 = -5*y - 2*w, -4 = 12*w - 14*w. List the prime factors of y.
2, 61
Let y = 140 + 302. What are the prime factors of y?
2, 13, 17
Let u be ((-8)/5)/(2/75). Let v = u - -196. List the prime factors of v.
2, 17
Let m = -14 + 14. Let w = -12 - -25. Let c = m + w. List the prime factors of c.
13
Suppose 16*m - 2620 - 10388 = 0. List the prime factors of m.
3, 271
Let k be 624 - 2/(6/((-9)/3)). Suppose 184 = -7*u + k. What are the prime factors of u?
3, 7
Suppose 0*c - 45 = -5*c. Suppose 30 = c*s - 4*s. List the prime factors of 5 - (s + -2) - -21.
2, 11
Let q be 2/((-10)/15) + 214/2. Suppose q = -2*n + 352. List the prime factors of n.
2, 31
Let f(c) = c**3 - c**2 + 2*c + 322. Let a be f(0). Let s be 3/12 + a/(-8). Let m = s + 116. List the prime factors of m.
2, 19
Let p = 0 - 2. Let j = -2 + p. List the prime factors of (-1)/2*(j + -10).
7
Let f(a) = -3*a + 14. Let v be f(2). Suppose -v*s + s + 917 = 0. What are the prime factors of s?
131
Let k = 4 - 7. Let y be (-2)/(-8) - 1/4. List the prime factors of 43 + y/(-4 - k).
43
Let q(s) = 5*s - 4. Let k(l) = l - 1. Let h(i) = 6*k(i) - q(i). Let b be h(6). Suppose -3*y = 2*a - 25, b*a = -a - 2*y + 35. List the prime factors of a.
5
Let r = -327 + 475. List the prime factors of r.
2, 37
Let g(k) = k**2 + 6*k + 6. Let m = 26 + -12. Let i = -20 + m. List the prime factors of g(i).
2, 3
Let w(p) = -p**3 + 16*p**2 - 12*p - 40. List the prime factors of w(11).
433
Suppose 0 = 22*v - 9058 - 24228. What are the prime factors of v?
17, 89
Suppose -k + 4*k = 2*j - 1, k + 4 = -3*j. Let c(t) = -55*t + 1. List the prime factors of c(j).
2, 7
Let g(t) = 3*t - 3. Let j be g(-6). Let o = 25 + j. List the prime factors of o.
2
Suppose 0 = 3*l + m - 20 + 5, 2*m = 5*l - 14. Suppose 14 = l*r - 6. Suppose 0 = -b + 5*h - 16, -r*b - 2*h + 0*h = -55. List the prime factors of b.
3
Suppose -4*d + 6*t + 17 = 5*t, -5*d = 4*t - 16. Suppose 3*o = d*p + 41, 0*p + 25 = -5*p. What are the prime factors of o?
7
Let m = 1046 + -945. What are the prime factors of m?
101
Let o = -32 - -54. Let r(s) = -s**2 + 22*s + 32. What are the prime factors of r(o)?
2
Suppose 0 = z + 3*m + 21, 9 = -5*z + 2*m - 11. Let f(k) = 126*k + 8. Let a be f(3). List the prime factors of a/14 + z/(-14).
2, 7
Let k = -187 + 1136. List the prime factors of k.
13, 73
Let v(u) = -25*u - 26. Let w be v(-5). What are the prime factors of 4/10 + w/15?
7
Let o be 7900/9 - 2/(-9). Suppose 0 = 5*a + 3*z - o, -3*a - 5*z + 528 = -2*z. What are the prime factors of a?
5, 7
Let y = -132 + 262. List the prime factors of y.
2, 5, 13
Let y(p) = p**3 + 9*p**2 - 21*p - 4. Let f be y(-11). List the prime factors of (f - -14)*(-204 + -2).
2, 103
Let d be (-2)/(-6) + 2398/33. Let i = 84 + d. What are the prime factors of i?
157
Let r = 30 - 28. Suppose -178 = -4*p + r. What are the prime factors of (-18)/p - (-302)/5?
2, 3, 5
Suppose 4*a - n - 1 + 3 = 0, -a - 8 = -4*n. Suppose 3*z + 32 = 5*m + 8, a = -5*z - 15. Suppose j = 12 - m. What are the prime factors of j?
3
Suppose -12*o = -4717 - 38255. What are the prime factors of o?
3581
Let c(b) = b**2 - 5*b + 3. Suppose 3*j + 3*l - 18 = 0, 2*l + 30 = 5*j - 0*l. Let q be -3 + -6*j/(-4). What are the prime factors of c(q)?
3
Let t = 23 + -19. Let y(z) = 2*z**2 - 5*z - 3. List the prime factors of y(t).
3
Suppose 0 = -5*x + 10, g - 4*x + 0 + 5 = 0. Suppose -2*t + t + 7 = 0. Suppose g*f - t = 53. List the prime factors of f.
2, 5
Suppose 29*m - 148160 = -35*m. List the prime factors of m.
5, 463
Let z(r) = -6*r + 3. Let j be z(7). Let i = 66 + j. List the prime factors of i.
3
Suppose 35 = -0*g + 7*g. Suppose -2*o + 532 = g*b - 246, -4*o + 620 = 4*b. What are the prime factors of b?
2, 3, 13
Suppose y = 54 + 23. Suppose -3*t + 2*g = -25, -5*g = -3*t - 3 + 34. Suppose -3*a + y = 5*n, a + 4*n = t + 14. What are the prime factors of a?
29
List the prime factors of (4*3/12)/((-2)/(-1526)).
7, 109
Let g(d) = 7*d**3 + 6*d - 16. List the prime factors of g(3).
191
Let a = -1 - -3. Suppose -5*q + k = -115, -2*q - a*k + 25 + 21 = 0. List the prime factors of q.
23
Let x be (-7 - (3 - 10))/(2 + 0). Suppose x = -3*w - w - 16, -w = -3*l + 34. List the prime factors of l.
2, 5
Let l be (-2)/3*(46 - -2)*1. What are the prime factors of ((-3)/(-2))/(((-42)/l)/7)?
2
Suppose 0 = -92*k + 97*k - 1160. List the prime factors of k.
2, 29
Let i(k) = 269*k**2 + 6*k + 4. What are the prime factors of i(-1)?
3, 89
Suppose v = -0*d - 4*d + 8, -v + d - 2 = 0. Suppose v = 9*p - 10 - 26. List the prime factors of p.
2
Suppose 35*y - 46*y + 33 = 0. Suppose -d - d = y*r - 621, -d + 414 = 2*r. What are the prime factors of r?
3, 23
Let x be 1/4 - (-304)/64. Suppose -x*p + 360 = 5*m + 5, 5*m = 2*p + 320. List the prime factors of m.
2, 3, 11
Let b = 8745 + -4795. List the prime factors of b.
2, 5, 79
Suppose -25 = -5*f - 5*y, 5*f - 5 = 2*y - 1. Suppose f*z - 308 = -3*l, -5*l + 0*z + z + 535 = 0. List the prime factors of l.
2, 53
List the prime factors of (38/(-4) - -10)*1766.
883
Let a = -574 - -826. Suppose 5*v - 213 - a = 0. What are the prime factors of v?
3, 31
Let w = 1 + 2. Suppose 0 = -4*b - b + 55. What are the prime factors of -3*w/3 + b?
2
Let t(g) = -2*g - 12. Let u be t(-8). Let c = u - 9. Let v = c + 9. List the prime factors of v.
2
Suppose 0 = -12*v + 2632 + 2180. What are the prime factors of v?
401
Suppose -5*r = -6*r. Suppose 4*b - 69 = -5*f - r*b, 4 = -b. What are the prime factors of f?
17
Let i be -5*(2 + -1)/(-8 - -7). What are the prime factors of (2/6 + i/(-6))*-6?
3
Let u(p) = 945*p + 154. What are the prime factors of u(3)?
7, 61
What are the prime factors of (-7350)/(-4) + 39/26 + -3?
2, 3, 17
What are the prime factors of 716509/387 + 4/(-9)?
3, 617
Suppose -12*w = -9*w - 12. Suppose -6*j + 2*j + 321 = b, -w*j + 2*b = -330. List the prime factors of j.
3
Let v = -1562 + 3917. List the prime factors of v.
3, 5, 157
Suppose 85*d - s = 87*d - 6176, -d + 3095 = 4*s. List the prime factors of d.
3, 7
Let g(z) = z**2 - 1. Let r(p) = p - 4. Let n be r(7). What are the prime factors of g(n)?
2
Suppose -755 = -2*l - r, 4*l - 1015 = 5*r + 488. What are the prime factors of l?
13, 29
Let z = 2370 + -1234. What are the prime factors of z?
2, 71
Suppose 0 = 2*v - 2*z - 6, 4*v - 7 = -3*z - 2. Suppose v*y - 21 = -3*q, 5*y - 16 = -5*q + 24. Suppose x + y*x = 60. List the prime factors of x.
3, 5
Suppose -5*x + 2792 = 2*u, -469 = -x - 4*u + 93. What are the prime factors of x?
2, 3, 31
Let r(k) = 2*k**3 + 5 + 3*k - 2*k**3 - k**3. Let d(b) = -2*b**3 - 21*b**2 + 13*b + 20. Let j be d(-11). What are the prime factors of r(j)?
7
Let v(g) be the first derivative of g**3/3 + 15*g**2/2 + 7*g - 7. List the prime factors of v(-18).
61
Let r be (-14)/(-4) - (-3)/2. Suppose -5*m - 4*a + 20 = -0*m, -5*m = a - r. Suppose -v + 3*v - 52 = m. List the prime factors of v.
2, 13
Let b(x) = 124*x - 438. List the prime factors of b(27).
2, 3, 5, 97
Let i = -1 - -5. Suppose -4*j + 3*t - 24 = -175, -3*j - i*t + 107 = 0. Suppose -c + j = 12. List the prime factors of c.
5
Suppose 5*l + 2608 = 3*h, 3*h - 1272 = -4*l + 1372. What are the prime factors of h?
2, 3, 73
Suppose 1682 + 3166 = 4*k + 4*h, -5*k - h + 6060 = 0. List the prime factors of k.
2, 3, 101
Suppose 0 = -4*d + 3 + 301. What are the prime factors of d?
2, 19
What are the prime factors of 9*(0 - 1)*(-539)/33?
3, 7
Let s(z) = -16*z**3 - 5*z**2 - 12. Let q(w) = -15*w**3